0). Let h = -3 + p. Suppose y = -0 + h. What are the prime factors of y?
3
Let r be -4 - -21 - (-1 + -2). Suppose -3*q + r = -34. What are the prime factors of q?
2, 3
Suppose 0 = 3*z + 4*f + 6, -5*f = 6*z - 7*z - 21. Let q = z + -2. Let a = 3 - q. What are the prime factors of a?
11
List the prime factors of 6/(3 - (-14)/(-6)).
3
Suppose -c - 5*h + 118 = 0, 65 = 5*c + 3*h - 569. List the prime factors of c.
2
Suppose 7*a - 4*a - 6 = 0. Suppose 0 = -5*d - y + 21, -a*d = -6*d + 3*y + 13. Suppose 3*r + r - 52 = -d*l, -5*r + 2*l + 44 = 0. What are the prime factors of r?
2, 5
Suppose l = -m - 0*m - 17, -65 = 5*l + m. Let s = -5 - l. List the prime factors of s.
7
Suppose 0 = -5*z - 4*x - 5, -2*x - 5 = 5*z - 2*z. What are the prime factors of -2*(-6)/(-5)*z?
2, 3
Suppose 0 = 2*c + 10*t - 7*t - 167, 0 = 4*c - 4*t - 304. List the prime factors of c.
79
Let m = -5 - -10. Suppose 0 = -h - 0*x + m*x + 12, x - 13 = -2*h. What are the prime factors of h?
7
Suppose 0 = -3*n + b + 1 - 4, n = -4*b - 1. Let t = -3 + n. Let c = t - -13. What are the prime factors of c?
3
Let t = 35 + 0. List the prime factors of t.
5, 7
Let o(h) = -3*h**3 - h**2. Let q be o(-1). List the prime factors of (-3 + 14)*2/q.
11
Let k be 4*7 + 2 + 2. Suppose -33 = -2*i - i - 3*o, -k = -2*i - 4*o. What are the prime factors of 7/(-2 - (-15)/i)?
2, 7
Let v = 58 - 4. List the prime factors of v.
2, 3
Suppose b = 2 + 3. List the prime factors of b.
5
Let p be (5/(-3))/((-3)/9). Let x = -5 - -17. Suppose 5*i - x = -j, p*j + 2*i = i + 12. List the prime factors of j.
2
Let i = -116 + 185. List the prime factors of i.
3, 23
Suppose -l - l = 5*r - 25, 0 = -3*l + 2*r + 9. Let w = 117 + l. List the prime factors of (-1)/5 - w/(-10).
2, 3
Let i = 5 + -3. Suppose -2*z + 12 = i*z. Suppose z*j + 36 = 3*h, j = -h - j. What are the prime factors of h?
2
Suppose l + 2 = 0, r - 3*l = 5*r + 14. What are the prime factors of (-7 + 5)/(r/3)?
3
Let z(u) = 23*u**2 + u + 1. Let f(r) = -r**2 + 4*r - 4. Let k be f(3). What are the prime factors of z(k)?
23
Suppose -9*r + 8*r = 0. Suppose r = -2*b + b + 48. List the prime factors of b.
2, 3
Suppose 2*w - 77 = 357. What are the prime factors of w?
7, 31
Let f = 10 - 6. Suppose 11*r = f*r + 112. List the prime factors of r.
2
Let h = -2 + -7. Let d = 1 - h. What are the prime factors of d?
2, 5
Let h(l) = l**2 + 3*l - 1. Let v(o) = 5*o**2 + 11*o - 4. Let u(q) = -9*h(q) + 2*v(q). List the prime factors of u(6).
7
Let u = 8 + -2. Suppose -4*m - 5*v + u = 0, -2*v = -2*m - v - 4. List the prime factors of 9/1 + 2 + m.
2, 5
Let u = -4 + 15. Let b = u + -7. What are the prime factors of b?
2
Let o(q) = q - 4. Let c be o(7). List the prime factors of c/(-1)*(-33)/11.
3
Suppose 2*d + 77 = 4*d - 5*x, -2*d - 3*x + 117 = 0. What are the prime factors of d?
3, 17
Let l(b) = 2*b**2 - 4*b - 2. List the prime factors of l(-5).
2, 17
Suppose -f - 2*w - 4 = -4*w, -4*f - 12 = -4*w. Let q = 6 - f. List the prime factors of q.
2
Suppose 0 = 3*u - 1 - 2. Let q be u + -2 + (6 - 2). Suppose 4*v - 13 = q. What are the prime factors of v?
2
Let i(v) = -3*v**3 - 2*v**2 + 1. What are the prime factors of i(-3)?
2
Suppose -3*z = -12, 4*d + 2*z = 3*z + 12. Suppose -d*m - 100 = -8*m. What are the prime factors of m?
5
Let o(k) = 12*k + 8. Let q be o(6). Suppose -5*p + q - 20 = 0. List the prime factors of p.
2, 3
Let o(h) = h**3 - 8*h**2 - h + 11. Let v be o(9). Let d = 144 - v. List the prime factors of d.
61
Suppose 62 = 2*o + 4*x, 3*x - 184 + 15 = -5*o. What are the prime factors of o?
5, 7
Let i be (-4)/12*9/(-1). Suppose -i*z + 4*z = 13. What are the prime factors of z?
13
Let v(k) = -k**3 - 10*k**2 - 10*k - 7. Let b be v(-9). Suppose -b = 2*i + 12. Let t(w) = -w + 2. What are the prime factors of t(i)?
3
Let g(u) = -12*u - 2. Let p be g(-3). Let m = p - 18. List the prime factors of m.
2
Suppose 2*v + 5*w = 201, 5*v + 0*v + 5*w = 465. List the prime factors of v.
2, 11
Suppose -2*s = -39 - 77. What are the prime factors of s?
2, 29
Let b = 4 + -4. Suppose b = 3*p - 4*q - 43, 5*p + 0*q = -4*q + 125. List the prime factors of p.
3, 7
Suppose 11*s = 14*s - 315. What are the prime factors of s?
3, 5, 7
Let w(d) = d**3 - 7*d**2 - 7*d - 7. Let a be w(8). Let n(f) = 16*f**3 + f**2 - 2*f + 1. What are the prime factors of n(a)?
2
Let g(c) = -2*c**2 - 3*c - 2. Let f be g(-2). List the prime factors of (-535)/(-25) - f/(-10).
3, 7
Let l(y) = y**2 + 6*y + 5. Let m be l(5). Suppose 5*k = -0*k + m. List the prime factors of k.
2, 3
Let u(b) = -b**2 - 2*b + 9. What are the prime factors of u(0)?
3
Let p(s) = s**2 + 2*s - 4. Let x be p(-5). Suppose x = -2*w - 3*o, -3 = 5*o + 2. What are the prime factors of (-61)/w - (-2)/(-8)?
3, 5
Let g(z) = 2*z**3 + 2*z**2 - 3*z + 1. Let l be g(2). Let c = l - 6. What are the prime factors of c?
13
Let r(m) be the second derivative of m**6/360 - m**5/20 + m**4/12 - m**3/2 - m. Let a(f) be the second derivative of r(f). List the prime factors of a(6).
2
Let m = 8 - 4. Suppose -m*v = 2*g - 0 + 8, -2*v = 0. Let f(o) = -o + 1. What are the prime factors of f(g)?
5
Suppose 0 = -8*q + 5*q + 12, -4*o = -4*q + 64. Suppose 0 = l - 1, -4*n - 2*l + 34 = 0. What are the prime factors of 23/3 + n/o?
7
Suppose 35 = 4*p + 2*d + 3*d, -4*d = 4. Suppose j - p = -3*b, 0*j = -3*b + j + 8. Suppose -2*s = b*s - 45. What are the prime factors of s?
3
Suppose 15 - 46 = -4*u + 3*l, -l = -2*u + 13. Let s(i) = 4*i - 6. List the prime factors of s(u).
2, 5
Suppose -3*f + 125 = 2*r, -3*f - 250 = -5*r + 2*f. What are the prime factors of r?
5, 11
Let p(i) = -9*i + 4*i**2 - 9 + 3 - 2*i**2 - 4. List the prime factors of p(7).
5
Let c(z) = -z**3 + 6*z**2 + 7*z + 10. List the prime factors of c(7).
2, 5
Let r(l) = -l**3 - 8*l**2 - 7*l. Let c be r(-7). Suppose 0*h - h + 11 = c. What are the prime factors of h?
11
Suppose 49 = 2*s - 5*l - 45, -l = -4*s + 188. What are the prime factors of s?
47
Let i = -20 + 27. What are the prime factors of i?
7
Suppose l - 6 = -l. Suppose -18 = -3*g - l*y, -24 = -5*g - 4*y + 9. Let k = 0 + g. What are the prime factors of k?
3
Let q(k) = -k**3 + 7*k**2 + k - 4. List the prime factors of q(6).
2, 19
Let q(v) = v**2 - 8*v - 14. What are the prime factors of q(-8)?
2, 3, 19
Let f(q) = -q**2 - 12*q. Let i be f(-5). Suppose -5*u = 3*m + 2*m - i, 4*u + 20 = 4*m. Suppose -1 = -w + m. What are the prime factors of w?
7
Let p be 4 + (0 + -2 - -2). Suppose n - 18 = -2*j + p, -4*n + 95 = j. List the prime factors of n.
2, 3
Let j(o) = -o**3 - 3*o**2 + 7*o + 4. What are the prime factors of j(-5)?
19
Suppose -6*p = -p. Suppose k + 2*k + 9 = p. Let c(y) = -y**3 - y**2 + 5*y + 3. What are the prime factors of c(k)?
2, 3
Suppose -3*p - 4*g + 410 = 0, 0 = -p - 4*g - 36 + 178. List the prime factors of p.
2, 67
What are the prime factors of (3 - 2073/(-33)) + (-4)/(-22)?
2, 3, 11
List the prime factors of (-14)/63 - 479/(-9).
53
Let w = 12 + 1. List the prime factors of w.
13
Let t(z) = z**2 + 5 - 1 - 5 + 5 + 7*z. What are the prime factors of t(-10)?
2, 17
Let x = 1 - -1. Suppose x*r - 86 = -2*r + 5*u, -70 = -4*r - 3*u. List the prime factors of r.
19
Suppose -2*r - 5 = -13. Suppose r*f = -f + 35. List the prime factors of f.
7
Let w(j) be the first derivative of -5*j - 1/2*j**2 - 1. What are the prime factors of w(-7)?
2
Let t(o) = o - 1. Let q(m) = -m + 1. Let b(f) = 2*q(f) + 3*t(f). What are the prime factors of b(5)?
2
Let b = 303 - 173. What are the prime factors of b?
2, 5, 13
Suppose 0*i - 5*i = -70. What are the prime factors of i?
2, 7
Let j(w) = -2*w - 12. List the prime factors of j(-9).
2, 3
Let t(f) = -f**2 + 12*f + 11. Let j(x) = -2*x**2 + 13*x + 11. Let w(g) = -2*j(g) + 3*t(g). What are the prime factors of w(-12)?
5, 7
Suppose 548 + 837 = 5*y. List the prime factors of y.
277
Let h(j) = -j**3 + 4*j**2 + 5*j + 6. Let m be h(5). Let b(x) = -x**3 + 6 + 9*x**2 + m*x - 6*x. What are the prime factors of b(9)?
2, 3
What are the prime factors of 220/40*(1 - -21)?
11
Let w be (-1 - -3 - 0) + 2. Suppose 0 = -w*f + 2*p + 26, p + p = -2*f + 22. List the prime factors of f.
2
Suppose 0 = -q, 5*r + 4*q - 2*q - 15 = 0. Let s(n) = 2*n - 4. Let d be s(3). List the prime factors of (2 - (0 + d)) + r.
3
Suppose 116 = 7*j - 416. What are the prime factors of j?
2, 19
Suppose 0